e 14) in base 12?
-23bb73
What is -627788 (base 9) in base 14?
-99dca
-14020627 (base 9) to base 8
-32320176
What is -45eac (base 16) in base 14?
-7651a
What is 4312603 (base 7) in base 14?
d9173
-3ce43d (base 15) to base 11
-1724261
What is 259110a (base 14) in base 2?
1000101000010001011110110
Convert 14d17 (base 14) to base 9.
78244
Convert 15333716 (base 8) to base 12.
121937a
What is -3b125 (base 13) in base 7?
-635563
What is 10020210021121 (base 3) in base 8?
6456677
cbec0 (base 16) to base 11
520601
12303241 (base 7) to base 14
20c958
-a4a94 (base 14) to base 9
-664802
What is 3794169 (base 10) in base 8?
16362371
What is 3154815 (base 10) in base 3?
12221021121000
-2122100200112 (base 3) to base 8
-5267212
-784d8 (base 15) to base 7
-3152045
47baa8 (base 14) to base 9
4547170
16440 (base 7) to base 16
124b
-1001001010111110 (base 2) to base 12
-198a6
What is 41b81 (base 14) in base 12?
779b1
-33212131233 (base 4) to base 14
-7865c3
What is -66a18 (base 11) in base 16?
-17b25
What is -41132240 (base 5) in base 3?
-121221101211
What is 317a6 (base 11) in base 7?
251513
-b0fb0 (base 16) to base 4
-2300332300
What is -1044222024 (base 5) in base 7?
-25566113
What is 1110200002220 (base 3) in base 16?
bea25
What is -4b72a (base 12) in base 10?
-102994
What is 14003243 (base 5) in base 11?
96a99
-1d1df (base 16) to base 4
-131013133
What is -8cb3a7 (base 15) in base 9?
-13572654
-71536d (base 14) to base 6
-213454005
3b373 (base 12) to base 13
2b284
What is 32ab2 (base 12) in base 3?
10102020022
What is 200022000010 (base 3) in base 10?
360129
What is -121110122 (base 3) in base 14?
-4537
Convert 2b85a (base 13) to base 11.
57167
What is 21041 (base 9) in base 3?
201001101
What is -101111000101010111111 (base 2) in base 9?
-2811344
10010000110001101 (base 2) to base 3
10202200101
-1552517 (base 8) to base 3
-211202022001
209990 (base 10) to base 11
133850
67276 (base 10) to base 13
24811
-98318 (base 10) to base 8
-300016
Convert -215403142 (base 6) to base 16.
-3b9306
Convert 214002665 (base 7) to base 6.
1134513532
-2231400422 (base 5) to base 15
-67ba77
-167210 (base 8) to base 9
-102678
Convert -334b6 (base 12) to base 2.
-10000101000001010
-1101100011110101011010 (base 2) to base 13
-975c58
1011001101111001001 (base 2) to base 16
59bc9
1011111011101111011 (base 2) to base 8
1373573
What is 110112111112 (base 3) in base 16?
3c3ef
Convert 249169 (base 10) to base 3.
110122210111
-2080509 (base 12) to base 3
-102112212120000
What is -135415500 (base 6) in base 5?
-1203130424
What is -34a16 (base 12) in base 7?
-412524
Convert -241141304 (base 6) to base 14.
-8621a8
What is -19466 (base 11) in base 16?
-6a28
What is -1406327 (base 8) in base 10?
-396503
Convert -866571 (base 9) to base 2.
-1111110000111111001
Convert 2622d (base 16) to base 10.
156205
Convert 16031535 (base 7) to base 8.
5672346
Convert -16a909 (base 13) to base 16.
-8a38f
14776077 (base 8) to base 4
30333300333
Convert 317764 (base 11) to base 13.
14a311
270 (base 11) to base 5
2234
What is 13522615 (base 7) in base 6?
43050331
102220111200 (base 3) to base 2
111001001110001010
What is 131a5b (base 12) in base 16?
4cba7
Convert -1605340 (base 7) to base 16.
-35cdd
What is 14042324 (base 6) in base 8?
1632354
What is -22b0ca (base 13) in base 5?
-202332131
Convert -12120200111 (base 4) to base 15.
-230b92
Convert -c119 (base 15) to base 2.
-1001111100101101
What is 170a1 (base 16) in base 7?
542062
3798a (base 14) to base 13
4a09b
2461319 (base 12) to base 6
412014033
Convert 17047667 (base 8) to base 12.
13a7447
Convert 112270 (base 8) to base 5.
2204242
8dcd33 (base 14) to base 16
49d091
What is -142103043 (base 5) in base 2?
-10110100001001101010
What is -129a67 (base 14) in base 7?
-5310660
What is 1111010011111110010 (base 2) in base 7?
4156550
14428 (base 16) to base 2
10100010000101000
6f486 (base 16) to base 12
19b946
What is 58d25 (base 16) in base 4?
1120310211
What is -14c0b8 (base 13) in base 15?
-a1abc
-184652 (base 9) to base 6
-2244202
1000110001001101 (base 2) to base 4
20301031
13453203 (base 6) to base 10
458211
Convert 11000001101100001001 (base 2) to base 9.
1438243
-617657 (base 8) to base 2
-110001111110101111
What is bb1c73 (base 13) in base 7?
52264620
-43340603 (base 7) to base 10
-3707441
What is -124142532 (base 6) in base 15?
-332d1e
2411111 (base 5) to base 2
1010110111110011
What is 13341412 (base 5) in base 11?
94013
-8773045 (base 9) to base 5
-2201304101
-22220220121012 (base 3) to base 14
-8b611b
Convert 19521 (base 16) to base 6.
2120053
What is 1099b6c (base 13) in base 16?
4de7ac
What is -b95c1 (base 13) in base 11?
-209717
Convert -38514 (base 10) to base 3.
-1221211110
97265 (base 12) to base 3
101010002112
Convert -33333221 (base 4) to base 16.
-ffe9
Convert 432354 (base 8) to base 16.
234ec
What is -23212102 (base 4) in base 16?
-b992
What is -3dd508 (base 14) in base 13?
-5a3523
Convert 662551 (base 8) to base 3.
102022022022
What is -22078 (base 9) in base 10?
-14651
What is 124732 (base 10) in base 8?
363474
What is 153987 (base 10) in base 5?
14411422
What is -11000010000011101 (base 2) in base 9?
-161256
What is 21007245 (base 8) in base 4?
101000322211
101010000000101 (base 2) to base 10
21509
What is 149630 (base 10) in base 5?
14242010
What is -152a793 (base 12) in base 15?
-59b1b0
What is -2868568 (base 13) in base 8?
-60703013
-3808700 (base 10) to base 12
-1338138
51fba (base 16) to base 8
1217672
Convert 2c536 (base 16) to base 5.
21302213
92371 (base 10) to base 2
10110100011010011
Convert -1626100 (base 8) to base 7.
-3665332
-155094 (base 10) to base 6
-3154010
Convert 2c30e (base 16) to base 15.
38971
Convert -21324c (base 15) to base 6.
-53510530
Convert 8312735 (base 11) to base 7.
235503562
What is 20510205 (base 6) in base 9?
1114185
Convert 214963 (base 11) to base 15.
6ba6a
1010143242 (base 5) to base 16
1f164a
5de308 (base 16) to base 4
113132030020
What is 3141034 (base 5) in base 10?
52644
Convert -3379 (base 15) to base 11.
-8222
What is -47729 (base 14) in base 11?
-109a38
182781 (base 11) to base 16
44cb1
Convert -110001000110100 (base 2) to base 13.
-b59b
Convert -10222010010212 (base 3) to base 13.
-58a876
Convert -40415432 (base 6) to base 3.
-2011121011002
Convert 99430 (base 11) to base 14.
3a809
What is -342647 (base 8) in base 14?
-30475
What is 530441 (base 6) in base 13?
1670b
What is -12311001302 (base 4) in base 9?
-3327452
-122266 (base 8) to base 9
-63751
Convert -5b2cb (base 15) to base 12.
-12040b
Convert -1431235 (base 6) to base 10.
-81959
Convert -11011010010010100 (base 2) to base 9.
-180272
Convert -2023224441 (base 5) to base 6.
-224130252
What is -350384 (base 9) in base 7?
-1534015
What is -496864a (base 11) in base 10?
-8634977
What is 303535 (base 7) in base 11?
3594a
5324015 (base 6) to base 10
260075
Convert -10001100110001000101 (base 2) to base 13.
-172595
111001101001001110100 (base 2) to base 10
1888884
Convert -39cc4 (base 16) to base 6.
-5024004
5514353 (base 6) to base 7
2222115
Convert 37009 (base 11) to base 8.
150001
-1b2469a (base 12) to base 13
-12715a8
-11202111110 (base 3) to base 16
-16deb
-11424344 (base 5) to base 8
-323103
What is -1031244303 (base 5) in base 15?
-2da81d
Convert -102111201 (base 4) to base 10.
-75105
-10211201020 (base 4) to base 8
-4454110
What is -2880716 (base 10) in base 2?
-1010111111010011001100
Convert -11334426 (base 7) to base 10.
-1000404
722515 (base 8) to base 16
3a54d
-21478 (base 9) to base 2
-11011110100110
-13100440202 (base 5) to base 16
-f49bd5
-102060533 (base 7) to base 9
-12276642
Convert 102212111102011 (base 3) to base 2.
11000000100000111110010
Convert 13101032022 (base 4) to base 11.
1091735
What is 2336371 (base 8) in base 7?
5265434
3b3034 (base 13) to base 16
15e43c
Convert 114401 (base 6) to base 13.
4786
What is 233032332 (base 5) in base 8?
4037415
24461513 (base 8) to base 5
2340234441
345016 (base 14) to base 9
3313811
Convert 15533423 (base 6) to base 14.
106cab
What is 113210414 (base 5) in base 12?
212529
Convert 4a042 (base 13) to base 10.
136268
-122100000212 (base 3) to base 13
-bc3ba
What is 4dfd5e (base 16) in base 8?
23376536
What is -240132032 (base 5) in base 13?
-2c630a
20012120112 (base 3) to b